ase 4.
-231022331
What is -1302627 (base 8) in base 16?
-58597
Convert 110010332 (base 4) to base 14.
21d82
What is -24abb1 (base 12) in base 16?
-92635
What is 212102211110 (base 3) in base 13?
131ca3
Convert -395a84 (base 14) to base 8.
-7421344
15c412 (base 16) to base 13
3ac36c
2213035 (base 8) to base 12
248739
-74a451 (base 12) to base 11
-1049489
Convert -2243741 (base 8) to base 3.
-1010220022212
-76677 (base 11) to base 6
-2215111
21120200110 (base 3) to base 6
3110450
Convert -5677265 (base 9) to base 16.
-2ebbde
-5302017 (base 10) to base 14
-9c0317
Convert -748738 (base 11) to base 14.
-232569
110011111000000001100 (base 2) to base 6
100233404
What is 1027839 (base 11) in base 3?
10102000110101
Convert -1112212111210 (base 3) to base 14.
-1764b4
What is 10281422 (base 10) in base 2?
100111001110000111001110
-204140001 (base 5) to base 3
-1121011010101
What is -4531543 (base 8) in base 3?
-2022021011112
Convert -11200202122112 (base 3) to base 5.
-1114320421
Convert 1d2c0 (base 14) to base 10.
74648
Convert -523695 (base 11) to base 9.
-1518342
1021202122121 (base 3) to base 6
22355541
What is 79319a (base 14) in base 12?
1467884
What is -c2d636 (base 14) in base 6?
-352433344
Convert -200313 (base 10) to base 3.
-101011210000
Convert 4514 (base 6) to base 11.
879
Convert -6955 (base 16) to base 4.
-12211111
What is -405bb5 (base 12) in base 14?
-1c270d
Convert -1222213031 (base 4) to base 5.
-102433220
Convert -196b39 (base 12) to base 13.
-128886
What is 1d95 (base 14) in base 7?
21545
What is 14124043 (base 5) in base 16?
23873
Convert -2500 (base 10) to base 6.
-15324
124430303 (base 6) to base 15
3393b0
11100000200221 (base 3) to base 13
628594
What is 601116 (base 8) in base 12?
96152
4413333 (base 5) to base 12
38051
-23877 (base 16) to base 12
-70273
What is -14500 (base 16) in base 3?
-11020010111
Convert -20553423 (base 6) to base 15.
-be879
-10010001110100001000110 (base 2) to base 10
-4778054
-26d19 (base 15) to base 5
-12440244
What is -10100110001110010 (base 2) in base 5?
-10210411
-2120133 (base 5) to base 13
-13309
What is -256d88 (base 14) in base 6?
-43325404
-15144252 (base 6) to base 12
-215088
-231401134 (base 5) to base 16
-fedcf
Convert -11346246 (base 7) to base 16.
-f4f8f
Convert -503985 (base 11) to base 12.
-330bba
Convert 112010221102 (base 3) to base 14.
73683
Convert -1011001000101111011110 (base 2) to base 16.
-2c8bde
Convert -2c7686 (base 16) to base 6.
-142242222
What is 353966 (base 12) in base 9?
1545186
Convert 61448 (base 9) to base 8.
117017
What is 60963a (base 13) in base 12?
90532a
-1433303432 (base 5) to base 6
-213331450
1660819 (base 10) to base 9
3111184
What is 2958188 (base 10) in base 4?
23102031230
Convert c2ca62 (base 13) to base 8.
21244544
What is -11110020100 (base 3) in base 4?
-111121203
Convert 24312401 (base 5) to base 9.
378236
What is -359487 (base 10) in base 13?
-c781b
What is -31956 (base 11) in base 14?
-12ca8
-238bd (base 14) to base 9
-142053
Convert 126611 (base 8) to base 9.
66841
What is 406052 (base 8) in base 10?
134186
Convert -9199 (base 11) to base 7.
-50410
13204051 (base 9) to base 2
11000110010100000110000
Convert -2007b9 (base 12) to base 10.
-498813
What is -29a66 (base 15) in base 11?
-91722
What is -6c85 (base 16) in base 5?
-1342111
11203033 (base 4) to base 13
a46b
Convert -66413d (base 14) to base 16.
-34ed7b
Convert -1235667 (base 9) to base 5.
-133022124
Convert 1141222423 (base 5) to base 7.
31530435
What is -45559 (base 11) in base 13?
-23cb4
-1372952 (base 13) to base 6
-335424245
-2f16ff (base 16) to base 5
-1242223304
2112200201 (base 3) to base 16
c39d
Convert 17e62d (base 16) to base 8.
5763055
What is -133043562 (base 7) in base 16?
-833703
Convert -14010221 (base 5) to base 4.
-202133333
Convert 343381 (base 10) to base 6.
11205421
-23035044 (base 6) to base 3
-1022210212001
-101101100111101011010001 (base 2) to base 7
-203435604
234780 (base 9) to base 10
141336
Convert 1140051411 (base 6) to base 7.
214340254
19a318 (base 12) to base 7
3565151
a099 (base 12) to base 2
100001111110101
40d625 (base 14) to base 8
10261621
Convert -1100110001110100011011 (base 2) to base 12.
-115664b
What is -4000041211 (base 5) in base 15?
-a45921
-6118 (base 9) to base 14
-18b6
Convert b547 (base 13) to base 4.
12013233
10111100101101010000 (base 2) to base 4
2330231100
What is -308850 (base 10) in base 4?
-1023121302
7b3b11 (base 14) to base 13
b3c898
What is -1222122002201 (base 3) in base 5?
-232240130
341375 (base 9) to base 5
23020211
Convert 563209 (base 10) to base 7.
4534003
-128209 (base 11) to base 9
-336031
Convert 147ea (base 16) to base 14.
22842
-321323333 (base 4) to base 8
-717377
What is -5575847 (base 9) in base 3?
-12122112221121
Convert 10001111011101 (base 2) to base 15.
2ac1
2000012112212 (base 3) to base 15
1611d8
Convert 10011101110110001010 (base 2) to base 6.
21505122
-100a473 (base 13) to base 9
-10111287
122321 (base 11) to base 2
101111001101100101
Convert 162426 (base 7) to base 16.
7d73
What is 51e975 (base 15) in base 16?
3b7635
What is -35502000 (base 6) in base 2?
-100001111100101010000
What is -2572867 (base 9) in base 4?
-11113110031
Convert -2546205 (base 7) to base 16.
-50d5a
104793 (base 11) to base 15
3489e
What is 114413104 (base 5) in base 3?
1000200022000
What is 14ab0cb (base 13) in base 8?
31205345
216101 (base 13) to base 3
1110212010112
38513 (base 9) to base 10
25932
What is -2a2d8d (base 15) in base 8?
-7606170
Convert 95494 (base 10) to base 6.
2014034
Convert 46152 (base 14) to base 5.
20423041
-1212331322 (base 4) to base 3
-210102112112
What is -1233633 (base 9) in base 8?
-2440265
Convert 217409a (base 11) to base 6.
213412325
Convert 66539 (base 10) to base 7.
364664
9a928 (base 14) to base 2
1011011100011001000
-161c99 (base 16) to base 13
-3b9783
719511 (base 11) to base 9
2148722
What is -15a300 (base 11) in base 16?
-3c879
-22876a (base 13) to base 12
-33584b
What is -bcc12 (base 14) in base 7?
-3614622
Convert 233970 (base 12) to base 11.
357632
Convert -60e2 (base 15) to base 5.
-1123322
Convert -10f26 (base 16) to base 4.
-100330212
Convert 222202101 (base 4) to base 13.
613bc
-42ab (base 12) to base 2
-1110010100011
What is -100000011011100100 (base 2) in base 16?
-206e4
Convert -2c359 (base 13) to base 15.
-19d97
Convert 260550 (base 8) to base 4.
112011220
-261264 (base 8) to base 13
-3243c
3044268 (base 10) to base 2
1011100111001110101100
Convert -75a968 (base 11) to base 3.
-2021201201022
What is -303400420 (base 5) in base 11?
-771159
What is -351487 (base 13) in base 14?
-24b0c4
150114 (base 9) to base 7
532033
What is -211010010 (base 4) in base 5?
-14324222
What is 7151dc (base 14) in base 8?
16437516
Convert -342142 (base 6) to base 7.
-150365
What is -29a2974 (base 11) in base 6?
-302121211
-403a897 (base 11) to base 2
-11011010000010001100111
Convert 211334131 (base 5) to base 4.
3120200013
161b63 (base 12) to base 4
1123330323
What is -322424 (base 8) in base 12?
-52470
What is 23324134 (base 5) in base 16?
34516
Convert 120321202312 (base 4) to base 8.
30714266
-10011101010000010010001 (base 2) to base 13
-10b557c
What is -18d99b (base 14) in base 16?
-d7825
-2320030231 (base 5) to base 4
-103332121130
26122 (base 9) to base 6
213245
24303 (base 8) to base 2
10100011000011
What is 45327 (base 8) in base 11?
13438
Convert c25db (base 14) to base 12.
1a6771
68454 (base 10) to base 2
10000101101100110
211200120 (base 3) to base 2
100000010011011
-33231001 (base 4) to base 3
-10021020021
4fd807 (base 16) to base 3
100211211211202
What is 403143121 (base 5) in base 12?
65aa17
Convert 4357352 (base 9) to base 6.
122102245
344abb (base 13) to base 5
304120010
What is -3492cc (base 13) in base 16?
-130c92
What is 6863 (base 16) in base 13?
c218
What is -203021220 (base 5) in base 12?
-3400a0
Convert -8044544 (base 9) to base 5.
-2043444013
Convert -316316 (base 7) to base 3.
-2210111112
What is 112033121 (base 5) in base 11?
313414
170375 (base 9) to base 8
315507
What is 12ec10 (base 15) in base 8?
3362376
10001001111001001110100 (base 2) to base 4
101033021310
What is 24334222 (base 5) in base 10?
230562
-3521545 (base 6) to base 11
-114702
Convert -2004104 (base 5) to base 9.
-475